 - q. Let p(r) be the first derivative of w(r). What is p(5)?
-5
Let u = 8 + -3. Let j(d) = 4 + d + 256*d**2 - d - 261*d**2 + d**3. Determine j(u).
4
Let p(g) = 2*g - 11. Let q(h) = -h + 5. Let i(z) = -3*p(z) - 7*q(z). What is i(5)?
3
Let m(a) = 4*a**2 + 3*a**2 - 2*a + 5*a**2 - 2*a**3 - 9*a**2 - 2. Determine m(2).
-10
Let m(h) = -h**3 + 8*h**2 - 5*h - 7. Suppose -2*l + 2*g + 18 = 0, -l - 4*l + 41 = -3*g. Calculate m(l).
7
Suppose 0 = -p - 0 + 2. Let l(w) = 3*w - 7*w - 2 + 5*w - 3*w**p. Suppose -g + 0*s - 2*s + 8 = 0, -3*s = -9. Calculate l(g).
-12
Let q be (-2)/4*(2 - 16). Suppose -4*i + q*i - 9 = 0. Let w(h) = 1 + 0 - 6 + 2 + h. Give w(i).
0
Let c(p) = -11*p + 3*p - 2 + 6*p. Suppose 4 = 2*o - 4. Give c(o).
-10
Let c(j) = j. Suppose -y - 2 = -3*y. Suppose 26 = -5*i + y. What is c(i)?
-5
Let x(c) = -c - 2 + 3*c + 1 + 8. Calculate x(-7).
-7
Let q(j) = 2*j**3 + 11*j**2 - 2*j. Let g(w) = -w**3 - 6*w**2 + w. Let p(l) = -11*g(l) - 6*q(l). Let b = -2 + 3. Let h be 2*1 - (1 - b). Calculate p(h).
-6
Let z = -1 + 7. Let i(a) = -a**3 + a + 1. Let q(y) = -y**3 - 5*y**2 - 5*y + 6. Let s(d) = -2*i(d) + q(d). Calculate s(z).
-2
Suppose 0 = -5*p - 1 + 21. Let n(l) = -l**3 + 5*l**2 - 4*l + 2. Determine n(p).
2
Let n(v) = -v**2 - 2. Let y(l) = l**2 + 10*l + 5. Let i be y(-9). Let a = -2 - i. Calculate n(a).
-6
Let i(z) be the third derivative of z**5/60 - z**4/8 - z**3/3 + 5*z**2. Give i(4).
2
Let s = -31 - -32. Let m(n) = n + 3*n - 7*n. Determine m(s).
-3
Suppose 4*k = 4 + 4. Let v(g) = -3*g + 2. Let t(p) = -p**2 - 5*p + 4. Let z(x) = 4*t(x) - 7*v(x). Calculate z(k).
-12
Let n(t) = t + 12. Let z be ((-56)/42)/(2/15). Determine n(z).
2
Let j(x) = 2 - 9*x**3 + 6*x**2 + 10*x**3 + 7*x + 4. Determine j(-5).
-4
Let w be 0 + 0 + (-4 - -3). Let a be (1 - w)*2 + 2. Let b(j) = -11*j + a*j - 5 + 4. Determine b(1).
-6
Let y(d) be the second derivative of 0 + 1/3*d**3 - 1/12*d**4 + d + 0*d**2 - 1/20*d**5. Let h = 16 - 14. Determine y(h).
-8
Let f(d) = d**3 + 5*d**2. Let c be f(-5). Let y(q) = -q**3 + 7*q**2 + 2*q - 10. Let r be y(7). Let m(g) = -4*g + r*g + g. Give m(c).
0
Let z be (6/(-9))/((-4)/6). Let l(k) = -2*k - 1. Calculate l(z).
-3
Suppose -2*b = -3*b + 4. Suppose 3*j - b = 4*j. Let l(d) be the second derivative of d**3/6 + 2*d. Give l(j).
-4
Let y(u) = u**3 + 4*u**2. Suppose f = 4*n - 12, -n - 18 = 4*f - 2*n. Calculate y(f).
0
Let z = -13 - -16. Let n(s) = -z - 2*s + s**2 + 2 + 3*s + 0. Determine n(2).
5
Let d(y) = -3*y**3 - 6 - 10*y**2 + 6*y**3 + 4*y**2 - 2*y**3. Let j = -1 - -7. What is d(j)?
-6
Let h(t) be the second derivative of t**4/12 + t**3/3 + 3*t**2/2 - t. Suppose 4*c - g = 0, 2*g + g = 5*c. Let i be c - -1 - (1 + 3). Determine h(i).
6
Let u(k) = 7*k + 15. Let m(b) = 4*b + 9. Let g(t) = 5*m(t) - 3*u(t). Let q = -3 - -4. Give g(q).
-1
Let y(j) be the third derivative of 0*j - 3*j**2 - 1/3*j**3 - 1/60*j**5 + 1/8*j**4 + 0. Suppose -3*h + 7*h = 12. Determine y(h).
-2
Let o = 12 - 9. Suppose 0 = -o*v + 2*a + 20, -2*v + a + 20 = -2*a. Let t(j) = -5 + 4*j - 2*j + 1. Determine t(v).
4
Let r = -2 + 4. Suppose 0 = r*o - 3*o + 1. Let j(b) = 4*b. Give j(o).
4
Let g(k) = 80 - 2*k - 39 - 40. What is g(-3)?
7
Suppose 5*o - 18 = 7*o - 4*d, 0 = 3*o + 3*d - 18. Let k(g) be the first derivative of g + 1/2*g**2 + 4. What is k(o)?
2
Suppose 6*u - 6 = -0. Let d(i) = 2*i - 1. Calculate d(u).
1
Let h(x) be the first derivative of x**3/3 - x**2/2 - 2*x - 55. Give h(0).
-2
Let b = 2 + -1. Suppose -a = 2*x + 3, -3*a + 9 = a + x. Let m(q) = 0 - 7*q**a + 2 - 4 + q**2 + 1 + q. Determine m(b).
-6
Let y(j) be the first derivative of -j**2 - 3*j - 3. Determine y(-5).
7
Let t(f) = -10*f**3 + f. Let k(r) = -r**3 - 4*r**2 + 5*r + 1. Let q be 0 + 4 + -1 + -8. Let h be k(q). Determine t(h).
-9
Let t(m) = -m**3 + m + 1. Let p(v) = 3*v**3 - 5*v**2 - 11*v + 6. Let o(y) = -p(y) - 2*t(y). Determine o(6).
10
Let n(f) = -3 + 6*f - 2*f**2 + 1 + f**2. Let m be n(5). Let v(d) = -7*d + m*d + 3*d + 1. What is v(1)?
0
Let a be 0/(2 + (-5)/5). Let h(g) = -2*g - 9 + 4*g - g. Give h(a).
-9
Let n be 27/20 - (-20)/(-15). Let m(j) be the third derivative of 0 + n*j**5 + 0*j + 1/8*j**4 - 1/2*j**3 + 2*j**2. Determine m(2).
7
Let h(z) be the second derivative of z**5/20 + z**4/6 - z**3/3 - 3*z**2/2 + z. Let m = 6 - 1. Suppose 0 = m*l - 5*r + 1 - 6, l + 14 = -4*r. What is h(l)?
1
Let v(t) = -3 - 133*t**2 + 1 + 1 + 147*t**2. Calculate v(-1).
13
Let s(y) be the second derivative of y**5/20 - y**4/2 + 5*y**3/6 - 3*y**2/2 - 5*y. Suppose 4*h - 3*h - 31 = 0. Suppose 0 = -2*k - 6, 5*g - h = k + k. Give s(g).
-3
Let a(z) be the second derivative of -1/3*z**3 + 1/60*z**5 + 1/24*z**4 + 0*z**2 - 3*z - 1/72*z**6 + 0. Let i(m) be the second derivative of a(m). Give i(-1).
-6
Let j(g) = g**3 + 6*g**2 + 6*g. Let i(f) = f**3 + 6*f**2 + f + 1. Suppose -3*x - 26 = -2*o, -x + 0*o + 4*o = 22. Let s be i(x). Calculate j(s).
-5
Let q(u) = u**3 + 6*u**2 + 5*u - 6. Let o be 2 - 3 - (2 + -1). Let g be 4/o - (-3)/(-1). What is q(g)?
-6
Let m(r) = r**3 - 7*r**2 + 4*r + 4. Suppose -6*u + 4*u = -12. What is m(u)?
-8
Let p(x) be the third derivative of x**6/120 - x**5/15 - 5*x**4/24 - x**3/2 - 6*x**2. Determine p(5).
-3
Let h(u) = -2*u + 9. Suppose m = 6*m - 2*i - 17, 2*i = -2*m + 4. Let l(q) = -q + 5. Let s(r) = m*h(r) - 5*l(r). Determine s(-5).
7
Let j(p) = -p + 1. Suppose 0 = 3*v - 8 - 1. Give j(v).
-2
Let b(t) be the second derivative of -t**3/6 - 4*t. Let a be (1/2)/(3/42). Suppose a + 8 = 3*k. What is b(k)?
-5
Let u(v) = -v**3 + 4*v**2 - v + 5. Suppose 0*h + 5*h = -4*q + 1, -6 = q - 5*h. Let i(t) = -7*t**2 - t. Let f be i(q). Let j = f + 10. Determine u(j).
1
Suppose -k = -6*k - 15. Let u be 0/(1 + 0/k). Suppose u = i - 4*x - 25, -i = -2*i + 5*x + 30. Let m(d) = d**3 - 6*d**2 + 5*d - 7. Give m(i).
-7
Let i(b) = 55*b - 26*b + b**2 + 7 - 21*b. Let a(u) = u - 1. Let x be a(-4). What is i(x)?
-8
Let q(h) = h**2 - 7*h + 4. Let x(g) = -2*g - 3. Let j be x(-5). What is q(j)?
4
Let m(c) = -c**2 + 2*c - 2. Let x = -17 + 19. What is m(x)?
-2
Let x = -5 + 7. Let r(z) = -3*z + 3 + x*z - 5. Suppose -3*p + n + 0 = 2, 0 = -n - 4. What is r(p)?
0
Let c(s) be the first derivative of -3*s**2/2 + 2*s + 1. What is c(3)?
-7
Let g(v) = -v**2 + 5*v + 6. Suppose 0 = -3*c + 3*h + h - 15, -20 = 5*c - 5*h. Let r = c + 6. Suppose 2*j + r - 15 = 0. What is g(j)?
6
Suppose 0 = -3*m - 0*m + 3. Let t be (-1)/(-1)*(m - 1). Let a(j) = 0*j**2 - j**2 + 5 + 2*j**2 + j. What is a(t)?
5
Let c(g) = -36 + 13 - 2*g + 16 + 8. Determine c(4).
-7
Let v(f) = -3 - f - f + 0*f. Suppose -6 + 2 = 2*i. Calculate v(i).
1
Let i(j) be the second derivative of 0 - 7/2*j**2 + 1/20*j**5 + 3*j - 1/6*j**3 + 5/12*j**4. Calculate i(-5).
-2
Let n(t) = 4*t + 4. Let p(o) = 4*o + 5. Let h(u) = 3*n(u) - 2*p(u). What is h(2)?
10
Let w(i) = i**2 + i - 1. Suppose -4*u - p = -u - 3, -p + 3 = -u. Determine w(u).
-1
Let u(f) = -2*f. Let j(w) = -w**2 - w - 2. Let x be j(-4). Let o = x - -15. Give u(o).
-2
Let o be (-12)/(-18) + (-2)/(-6). Suppose o = -c - 5. Let m(w) = w + 7. Give m(c).
1
Let y(v) = 6*v**2 + v. Let l(k) = -11*k**2 - k. Let p(d) = -4*l(d) - 7*y(d). Suppose 74 = 2*x + 18. Let t be (-2)/7 + 92/x. What is p(t)?
9
Let p(g) = 2 - 3*g + 5*g**2 + 7*g**3 - 6*g**3 - 1. Calculate p(-6).
-17
Let t = -5 + 8. Let q be 6*1/(t/(-2)). Let a(k) = 8*k + k**3 - 5*k**2 + 10*k**2 + 5 - 2*k. Calculate a(q).
-3
Let j(h) = 9*h - 7. Let l(g) = -5*g + 4. Let m(z) = -6*j(z) - 11*l(z). Calculate m(3).
1
Let o(y) = -y**3 - y**2 - y + 1. Let u(b) = -5*b**3 - 5*b**2 - 3*b + 3. Let d(m) = -4*o(m) + u(m). Give d(2).
-11
Let l(j) = -j**2 - j - 5. Let y be 4 - (2 - (2 - 4)). Give l(y).
-5
Let c = -13 - -17. Let y(r) = -r**3 + 4*r**2 - 4*r. Calculate y(c).
-16
Suppose -3*p + 52 = -14. Suppose 2*j - 4 = -4*a + 14, 5*a + 2*j = p. Let w(h) = 2*h + 1 + 2*h - 3*h. Give w(a).
5
Let j be (-1)/(1 - (-14)/(-13)). Let s = -13 + j. Let g(n) = -n - 2. What is g(s)?
-2
Let f(x) be the first derivative of x**4/4 + 5*x**3/3 + 6*x - 19. Suppose -5 = 4*v + 3*w - 0, 4*v + 2*w = -10. Give f(v).
6
Let u(a) = a**2 + 5*a + 6. Let w(b) = -3*b**2 - 10*b - 13. Let k = -15 + 10. Let q = 7 + k. Let d(i) = q*w(i) + 5*u(i). Give d(4).
8
Let s = -63 - -65. Let v(b) = 2*b**3 - 2*b**2 - 2*b + 3. What is v(s)?
7
Suppose 2*a - 5*f + 14 = -2, -8 = 4*a - 4*f.